{"id":1259412,"date":"2025-07-31T18:07:15","date_gmt":"2025-08-01T00:07:15","guid":{"rendered":"https:\/\/www.acapulcopress.com\/?page_id=1259412"},"modified":"2025-07-31T18:08:51","modified_gmt":"2025-08-01T00:08:51","slug":"politica-de-privacidad-copyright-y-cookies","status":"publish","type":"page","link":"https:\/\/www.acapulcopress.com\/index.php\/politica-de-privacidad-copyright-y-cookies\/","title":{"rendered":"Pol\u00edtica de Privacidad, Copyright, y Cookies"},"content":{"rendered":"<h4><strong>\u00bfCon qu\u00e9 finalidad tratamos sus datos personales?<\/strong><\/h4>\n<p class=\"pb-1\">En <em>Acapulco Press | Comunicaci\u00f3n Digital Alternativa<\/em> tratamos la informaci\u00f3n que nos facilitan las personas interesadas con el fin de obtener los datos necesarios para poder dar cumplimiento a la relaci\u00f3n profesional nacida del acceso, uso y\/o descarga de los Conteniddos accesibles en nuestra plataforma. Asimismo, tratamos sus datos para atender y dar cumplimiento a obligaciones legales y requerimientos que puedan proceder de autoridades administrativas y\/o judiciales competentes.\u00a0Igualmente tratamos sus datos personales para dar respuesta a las dudas, quejas, comentarios o inquietudes que pueda tener relativas a la informaci\u00f3n incluida en nuestra Plataforma, los servicios que se prestan a trav\u00e9s de la misma, as\u00ed como cualesquiera otras consultas que pueda tener.<\/p>\n<p class=\"pb-1\">Con el fin de poder ofrecerle productos y\/o servicios de acuerdo con sus intereses, elaboraremos un \u201cperfil comercial\u201d en base a la informaci\u00f3n facilitada.<\/p>\n<p>No se tomar\u00e1n decisiones automatizadas en base a dicho perfil. <em>Acapulco Press | Comunicaci\u00f3n Digital Alternativa<\/em> podr\u00e1 tratar sus datos de car\u00e1cter personal de acuerdo con las siguientes finalidades, en funci\u00f3n del formulario completado en cada caso:<\/p>\n<p>* Gestionar su navegaci\u00f3n a trav\u00e9s del Sitio Web.<\/p>\n<p>* Gestionar su registro de usuario e identificarle como \u201cusuario registrado\u201d para as\u00ed personalizar su interfaz y mostrarle contenido e informaci\u00f3n acorde a sus intereses.<\/p>\n<p>* Gestionar la licencia de uso de los Contenidos de la Plataforma y realizar un seguimiento del uso de los Contenidos y cumplimiento\/respeto de los t\u00e9rminos de la Licencia de Uso:<\/p>\n<p class=\"pb-1\">El acceso y utilizaci\u00f3n de esta plataforma no supone, en s\u00ed mismo, la concesi\u00f3n de ning\u00fan tipo de derecho ni de licencia sobre los contenidos, los cuales est\u00e1n sujetos a los t\u00e9rminos y condiciones de uso de la licencia de uso\u00a0que forma parte integrante del presente <em>Aviso Legal<\/em> y que el Usuario deber\u00e1 reconocer.<\/p>\n<p class=\"pb-1\">No est\u00e1 permitido suprimir, eludir o manipular el aviso de derechos de autor (copyright\u00bb o \u201c\u00a9\u201d) y cualesquiera otros datos de identificaci\u00f3n de los derechos de sus titulares incorporados a los Contenidos.<\/p>\n<p class=\"pb-1\">Las referencias a nombres y marcas comerciales o registradas, logotipos u otros signos distintivos, ya sean titularidad de<em> Acapulco Press |<\/em> <em>Comunicaci\u00f3n Digital Alternativa<\/em>\u00a0 o de terceras empresas, llevan impl\u00edcitas la prohibici\u00f3n de agenciarse los contenidos para uso o lucro peronan sin el consentimiento de<em> Acapulco Press |<\/em> <em>Comunicaci\u00f3n Digital Alternativa <\/em>o de sus leg\u00edtimos propietarios. En ning\u00fan momento, salvo manifestaci\u00f3n expresa el acceso o uso deesta plataforma y\/o de sus contenidos, confiere al usuario derecho alguno sobre las marcas, logotipos y\/o signos distintivos en \u00e9l incluidos protegidos por Ley.<\/p>\n<p>*\u00a0Remitir comunicaciones comerciales, siempre que el Usuario haya consentido el pertinente tratamiento de datos personales, ya sea por medios ordinarios o electr\u00f3nicos (incluyendo por e-mail) para el env\u00edo de contenidos relacionados con la esta plataforma, los productos y\/o servicios los sevicios de <em> Acapulco Press |<\/em> <em>Comunicaci\u00f3n Digital Alternativa<\/em>.<\/p>\n<p>* Gestionar el cumplimiento, mantenimiento, desarrollo y control de las cualesquiera relaciones que <em> Acapulco Press |<\/em> <em>Comunicaci\u00f3n Digital Alternativa<\/em> mantenga con el Usuario.<\/p>\n<p>* Cualquier otra finalidad que sea espec\u00edficamente reflejada en las correspondientes leyendas y\/o condiciones particulares del formulario de recogida de datos, a fin de atender los distintos tipos de relaciones que pueda mantener<em> Acapulco Press |<\/em> <em>Comunicaci\u00f3n Digital Alternativa<\/em> con el Usuario en funci\u00f3n de cada caso.<\/p>\n<p>La licencia que se otorga respecto de los contenidos propios o de terceros, no contempla cualquier uso que el licenciatario pudiera hacer del contenido si \u00e9ste ha sido transformado o manipulado de cualquier manera, ni el uso de manera diferente a la autorizada y\/o incumpliendo los t\u00e9rminos y condiciones aqu\u00ed previstos. Toda acci\u00f3n adversa a este cl\u00e1usua o manipulaci\u00f3n de contenidos, marcas, logotipos o derechos de autur\u00eda ser\u00e1 responsabilidad legal o penal \u00fanica y exclusivamente de quien realice este tipo de acciones.<\/p>\n<h4>\u00bfPor cu\u00e1nto tiempo conservaremos sus datos?<\/h4>\n<p class=\"pb-1\">Los datos personales proporcionados se conservar\u00e1n por el plazo legal m\u00ednimo como consecuencia de los servicios prestados por <em> Acapulco Press |<\/em> <em>Comunicaci\u00f3n Digital Alternativa<\/em> (1 a\u00f1o) y, en todo caso, durante los plazos legales de prescripci\u00f3n de las obligaciones nacidas del tratamiento.<\/p>\n<h4>\u00bfA qu\u00e9 destinatarios se comunicar\u00e1n sus datos?<\/h4>\n<p class=\"pb-1\">En ning\u00fan caso, se transmitir\u00e1n los datos de car\u00e1cter personal a terceros, excepto a los obligados por la legalidad vigente en relaci\u00f3n con la relaci\u00f3n contractual entre <em> Acapulco Press |<\/em> <em>Comunicaci\u00f3n Digital Alternativa <\/em>y los interesados.<\/p>\n<h4>\u00bfCu\u00e1les son sus derechos cuando nos facilita sus datos?<\/h4>\n<p class=\"pb-1\">Los usuarios tienen reconocidos los derechos previstos en la legislaci\u00f3n vigente en materia de protecci\u00f3n de datos, los cuales podr\u00e1n ser ejercitados remitiendo una comunicaci\u00f3n escrita a trav\u00e9s de los datos de contacto arriba indicados. El solicitante deber\u00e1 acompa\u00f1ar una copia de su documento nacional de identidad, pasaporte u otro documento v\u00e1lido que lo identifique. Igualmente, en cada comunicaci\u00f3n comercial que reciba por medios electr\u00f3nicos, el Usuario dispondr\u00e1 de un mecanismo para darse de baja o cancelar su suscripci\u00f3n.<\/p>\n<p class=\"pb-1\">En el caso de que se haya otorgado el consentimiento para alguna finalidad espec\u00edfica, el Usuario tiene derecho a retirar el consentimiento en cualquier momento, sin que ello afecte a la licitud del tratamiento basado en el consentimiento previo a su retirada, remitiendo una email a la siguiente direcci\u00f3n:\u00a0<em>acapulcopress@msn.com.<\/em><\/p>\n<h4><em>Cookies<\/em><\/h4>\n<p class=\"pb-1\"><em> Acapulco Press |<\/em> <em>Comunicaci\u00f3n Digital Alternativa <\/em>utiliza cookies y otras tecnolog\u00edas de seguimiento.<\/p>\n<p>Al igual que otros sitios web, el sitio web<strong> www.acapulcopress.com<\/strong> (Sitio Web) utiliza una tecnolog\u00eda denominada \u201ccookies\u201d para recabar informaci\u00f3n acerca del uso del Sitio Web.<\/p>\n<p class=\"pb-1\">Le informamos de que podemos utilizar cookies en su equipo a condici\u00f3n de que Usted haya dado su consentimiento, salvo en los supuestos en los que las cookies sean necesarias para la navegaci\u00f3n por el <em>Sitio Web. <\/em>A tal efecto, le indicamos que la utilizaci\u00f3n de las diferentes <em>cookies<\/em> por nuestro <em>Sitio Web<\/em> nos permite distinguirle a Usted de otros usuarios, proporcionarle una mejor experiencia en el uso de los mismos e identificar problemas para mejorar nuestro<em> Sitio Web.<\/em> En caso de que Usted preste su consentimiento, utilizaremos<em> cookies<\/em> que nos permitir\u00e1n tener m\u00e1s informaci\u00f3n acerca de sus preferencias y personalizar nuestro <em>Sitio Web<\/em> de conformidad con sus intereses individuales.<\/p>\n<h4 class=\"pb-1\">Cookies<\/h4>\n<p class=\"pb-1\">Una <em>cookie<\/em> es un archivo que se descarga en su equipo terminal con la finalidad de almacenar datos que podr\u00e1n ser actualizados y recuperados por la entidad responsable de su instalaci\u00f3n. Salvo que Usted haya configurado su navegador para deshabilitar las cookies, nuestro sistema usar\u00e1 cookies en tanto en cuanto visite nuestro <em>Sitio Web<\/em>.<\/p>\n<h4 class=\"pb-1\">Tipo de Cookies<\/h4>\n<p class=\"pb-1\">Las <em>cookies<\/em> se pueden distinguir en funci\u00f3n de tres criterios:<\/p>\n<p><strong><em>1.- plazo de tiempo durante el cual permanecen activadas, 2.- finalidad y 3.- entidad encargada de su gesti\u00f3n.<\/em><\/strong><\/p>\n<ol class=\"pl-4\" type=\"1\">\n<li>Seg\u00fan el plazo de tiempo que permanecen activadas se puede distinguir entre:\n<ul class=\"pl-4\">\n<li><b>Cookies de sesi\u00f3n:<\/b><br \/>\nLas cookies de sesi\u00f3n son aquellas que se utilizan para recabar y almacenar datos mientras el usuario accede a nuestro <em>Sitio Web<\/em>.<\/li>\n<\/ul>\n<\/li>\n<li>Seg\u00fan la finalidad de las cookies se puede distinguir entre:\n<ul class=\"pl-4\">\n<li><b>Cookies t\u00e9cnicas:<\/b><br \/>\nSon aqu\u00e9llas que permiten al usuario la navegaci\u00f3n y utilizaci\u00f3n de las diferentes opciones o servicios que existen en el <em>Sitio Web<\/em> tales como identificar la sesi\u00f3n, recordar los elementos que integran un pedido, realizar el proceso de compra de un pedido, o compartir contenidos a trav\u00e9s de redes sociales.<\/li>\n<li><b>Cookies \u201canal\u00edticas\u201d:<\/b><br \/>\nSon aquellas que, junto con los archivos de registro del servidor, nos permiten conocer el n\u00famero total de personas que visitan el <em>Sitio Web<\/em> y aquellas partes de los mismos que gozan de mayor popularidad. Gracias a ellas obtenemos una informaci\u00f3n que puede ayudarnos a mejorar la navegaci\u00f3n y dar un mejor servicio a los usuarios. Este tipo de cookies nos ayudan, en definitiva, a mejorar el uso y la experiencia de uso de nuestro <em>Sitio Web<\/em>.<\/li>\n<\/ul>\n<\/li>\n<li>Seg\u00fan la entidad encargada de la gesti\u00f3n de las cookies:\n<ul class=\"pl-4\">\n<li><b>Cookies propias:<\/b><br \/>\nSon aquellas cookies que son enviadas a su ordenador y gestionadas exclusivamente por nosotros para el mejor funcionamiento del <em>Sitio Web.<\/em> La informaci\u00f3n que recabamos se emplea para mejorar la calidad de nuestro servicio y su experiencia como usuario.<\/li>\n<li><b>Cookies de terceros:<\/b><br \/>\nSi interact\u00faa con el contenido de nuestro <em>Sitio Web<\/em> tambi\u00e9n pueden establecerse cookies de terceros. Las cookies de terceros son aquellas establecidas por un dominio diferente de nuestro <em>Sitio Web<\/em>. No podemos acceder a los datos almacenados en las cookies de otros sitios web cuando Usted acceda a ellos.En nuestro <em>Sitio Web<\/em> utilizamos el sistema de medici\u00f3n de audiencia <em>Google Analytics<\/em>, una herramienta de an\u00e1lisis web de <em>Google<\/em> que nos permite conocer c\u00f3mo interact\u00faan los usuarios de nuestro <em>Sitio Web<\/em>.<\/p>\n<h4 class=\"pb-1\">Consentimiento<\/h4>\n<p class=\"pb-1\">En el supuesto de que siga navegando por el <em>Sitio Web<\/em>, deber\u00e1 consentir, expresamente, el uso de las<em> cookies<\/em> antes enunciadas, por los plazos se\u00f1alados y en las condiciones contenidas en la presente pol\u00edtica.<\/p>\n<h4 class=\"pb-1\">Deshabilitar y bloquear Cookies<\/h4>\n<p class=\"pb-1\">La pr\u00e1ctica mayor\u00eda de los navegadores permiten advertir de la presencia de cookies o rechazarlas autom\u00e1ticamente. Si las rechaza podr\u00e1 seguir usando nuestro<em> Sitio Web<\/em> pero sin determinadas funcionalidades (como por ejemplo el inicio de sesi\u00f3n), por lo que el uso de algunos de sus servicios podr\u00e1 ser limitado y por tanto su experiencia en nuestro<em> Sitio Web<\/em> ser\u00e1 menos satisfactoria.<\/p>\n<p class=\"pb-1\">Al desactivar<em> cookies,<\/em> algunos de los servicios disponibles podr\u00edan dejar de estar operativos. La forma de deshabilitar las<em> cookies<\/em> es diferente para cada navegador, pero normalmente puede hacerse desde el men\u00fa <strong>Herramientas<\/strong> u<strong> Opciones<\/strong>. Tambi\u00e9n puede consultarse el men\u00fa de <strong>Ayuda<\/strong> del navegador d\u00f3nde puedes encontrar instrucciones. El usuario podr\u00e1 en cualquier momento elegir qu\u00e9 <em>cookies<\/em> quiere que funcionen en este sitio web.<\/p>\n<p class=\"pb-1\">Puede usted permitir, bloquear o eliminar las cookies instaladas en su equipo mediante la configuraci\u00f3n de las opciones del navegador instalado en su ordenador:<\/p>\n<ul class=\"pl-4\">\n<li><em>Microsoft Internet Explorer o Microsoft Edge:\u00a0<a href=\"https:\/\/support.microsoft.com\/es-es\/help\/17442\/windows-internet-explorer-delete-manage-cookies\" target=\"_blank\" rel=\"noopener\">https:\/\/support.microsoft.com\/es-es\/help\/17442\/windows-internet-explorer-delete-manage-cookies<\/a><\/em><\/li>\n<li><em>Mozilla Firefox:\u00a0<a href=\"https:\/\/support.mozilla.org\/es\/kb\/impedir-que-los-sitios-web-guarden-sus-preferencia\" target=\"_blank\" rel=\"noopener\">https:\/\/support.mozilla.org\/es\/kb\/impedir-que-los-sitios-web-guarden-sus-preferencia<\/a><\/em><\/li>\n<li><em>Chrome:\u00a0<a href=\"https:\/\/support.google.com\/accounts\/answer\/61416?hl=es\" target=\"_blank\" rel=\"noopener\">https:\/\/support.google.com\/accounts\/answer\/61416?hl=es<\/a><\/em><\/li>\n<li><em>Safari:\u00a0<a href=\"http:\/\/safari.helpmax.net\/es\/privacidad-y-seguridad\/como-gestionar-las-cookies\/\" target=\"_blank\" rel=\"noopener\">http:\/\/safari.helpmax.net\/es\/privacidad-y-seguridad\/como-gestionar-las-cookies\/<\/a><\/em><\/li>\n<li><em>Opera:\u00a0<a href=\"https:\/\/help.opera.com\/en\/latest\/web-preferences\/#cookies\" target=\"_blank\" rel=\"noopener\">https:\/\/help.opera.com\/en\/latest\/web-preferences\/#cookies<\/a><\/em><\/li>\n<\/ul>\n<h4 class=\"pb-1\">Retirar mi consentimiento<\/h4>\n<p class=\"pb-1\">Si Usted quisiese retirar en cualquier momento su consentimiento relacionado con la <em>Pol\u00edtica de Cookies<\/em>, deber\u00e1 eliminar las <em>cookies<\/em> almacenadas en su equipo a trav\u00e9s de los ajustes y configuraciones de su navegador de Internet.<\/p>\n<h4 class=\"pb-1\">Cambios en la Pol\u00edtica de Cookies<\/h4>\n<p class=\"pb-1\">Es posible que actualicemos la Pol\u00edtica de Cookies de nuestro <em>Sitio Web<\/em> en funci\u00f3n de exigencias legales, o con la finalidad de adaptar dicha pol\u00edtica a las instrucciones dictadas por la <em>Ley Federal de Protecci\u00f3n de Datos Personales en Posesi\u00f3n de los Particulares (LFPDPPP)<\/em> y la <em>Ley General de Protecci\u00f3n de Datos Personales en Posesi\u00f3n de Sujetos Obligados (LGPDPPSO), vigentes en M\u00e9xico<\/em>, por ello, le recomendamos revisar esta pol\u00edtica cada vez que acceda a nuestro <em>Sitio Web<\/em> con el objetivo de estar adecuadamente informado sobre c\u00f3mo y para qu\u00e9 usamos las<em> cookies<\/em>.<\/p>\n<h4 class=\"pb-1\">Contacto<\/h4>\n<p class=\"pb-1\">Si Usted tuviera alguna duda, comentario o sugerencia sobre la Pol\u00edtica de Cookies, por favor escriba a: <em>acapulcopress@msn.com.<\/em><\/p>\n<p>&nbsp;<\/p>\n<p>)<strong><em>Acapulco Press |<\/em><em>Comunicaci\u00f3n Digital Alternativa<br \/>\nRedacci\u00f3n:<\/em><\/strong><em>(+52) 7442227696<\/em><strong><em><br \/>\nCorreo electr\u00f3nico:<\/em><\/strong><em> acapulcopresss@msn.com<\/em><strong><em><br \/>\nAcapulco, Gro. 39890 M\u00e9xico<\/em><\/strong><\/li>\n<\/ul>\n<\/li>\n<\/ol>\n","protected":false},"excerpt":{"rendered":"<p>\u00bfCon qu\u00e9 finalidad tratamos sus datos personales? En Acapulco Press | Comunicaci\u00f3n Digital Alternativa tratamos la informaci\u00f3n que nos facilitan las personas interesadas con el fin de obtener los datos necesarios para poder dar cumplimiento a la relaci\u00f3n profesional nacida del acceso, uso y\/o descarga de los Conteniddos accesibles en nuestra plataforma. Asimismo, tratamos sus&#8230;<\/p>\n","protected":false},"author":1,"featured_media":0,"parent":0,"menu_order":0,"comment_status":"closed","ping_status":"closed","template":"","meta":{"footnotes":""},"class_list":["post-1259412","page","type-page","status-publish","hentry"],"_links":{"self":[{"href":"https:\/\/www.acapulcopress.com\/index.php\/wp-json\/wp\/v2\/pages\/1259412","targetHints":{"allow":["GET"]}}],"collection":[{"href":"https:\/\/www.acapulcopress.com\/index.php\/wp-json\/wp\/v2\/pages"}],"about":[{"href":"https:\/\/www.acapulcopress.com\/index.php\/wp-json\/wp\/v2\/types\/page"}],"author":[{"embeddable":true,"href":"https:\/\/www.acapulcopress.com\/index.php\/wp-json\/wp\/v2\/users\/1"}],"replies":[{"embeddable":true,"href":"https:\/\/www.acapulcopress.com\/index.php\/wp-json\/wp\/v2\/comments?post=1259412"}],"version-history":[{"count":2,"href":"https:\/\/www.acapulcopress.com\/index.php\/wp-json\/wp\/v2\/pages\/1259412\/revisions"}],"predecessor-version":[{"id":1259414,"href":"https:\/\/www.acapulcopress.com\/index.php\/wp-json\/wp\/v2\/pages\/1259412\/revisions\/1259414"}],"wp:attachment":[{"href":"https:\/\/www.acapulcopress.com\/index.php\/wp-json\/wp\/v2\/media?parent=1259412"}],"curies":[{"name":"wp","href":"https:\/\/api.w.org\/{rel}","templated":true}]}}